ple of 35?
True
Is 8 a factor of 33841?
False
Is 1483002 a multiple of 29?
True
Is 97 a factor of 252103?
True
Is 55 a factor of 25887647?
False
Does 140 divide 346780?
True
Is 13 a factor of 8671?
True
Is 112 a factor of 45699?
False
Is 30 a factor of 2405?
False
Is 499866 a multiple of 214?
False
Is 6963320 a multiple of 22?
False
Is 7841300 a multiple of 8?
False
Is 217 a factor of 3787084?
True
Is 2078838 a multiple of 274?
True
Is 119 a factor of 50813?
True
Is 1255 a factor of 8344706?
False
Does 6 divide 7288169?
False
Is 1663662 a multiple of 29?
False
Is 14 a factor of 40908?
True
Is 74 a factor of 84137?
False
Is 17 a factor of 1912421?
False
Does 398 divide 1298412?
False
Is 60 a factor of 3510060?
True
Is 5 a factor of 123887?
False
Does 67 divide 62374?
False
Is 108920 a multiple of 3?
False
Does 16 divide 522460?
False
Is 16 a factor of 309936?
True
Is 6482499 a multiple of 49?
False
Does 9 divide 4688172?
True
Is 6261398 a multiple of 143?
True
Is 7 a factor of 1444964?
False
Does 297 divide 10692?
True
Is 13 a factor of 110763?
False
Is 48 a factor of 199737?
False
Does 55 divide 165628?
False
Is 4 a factor of 170261?
False
Is 12 a factor of 5002727?
False
Is 4305813 a multiple of 243?
False
Does 1855 divide 2576595?
True
Does 45 divide 2306146?
False
Is 15808380 a multiple of 6?
True
Is 109 a factor of 344331?
True
Does 63 divide 3299058?
True
Does 13 divide 771706?
True
Is 180 a factor of 316620?
True
Does 86 divide 89956?
True
Does 5 divide 4699?
False
Does 115 divide 167055?
False
Is 5059158 a multiple of 922?
False
Does 74 divide 6893161?
False
Is 62 a factor of 142042?
True
Is 180544 a multiple of 224?
True
Does 7 divide 1015?
True
Is 4030923 a multiple of 18?
False
Is 17780 a multiple of 35?
True
Does 58 divide 64438?
True
Does 28 divide 564368?
True
Does 7 divide 835303?
True
Does 14 divide 116293?
False
Does 711 divide 17950815?
False
Is 79729 a multiple of 203?
False
Is 49703 a multiple of 13?
False
Does 68 divide 2420324?
True
Is 3 a factor of 1192352?
False
Is 21204 a multiple of 54?
False
Does 80 divide 1092648?
False
Is 18 a factor of 1456182?
True
Does 60 divide 162964?
False
Is 18971 a multiple of 3?
False
Is 671945 a multiple of 112?
False
Is 31 a factor of 1507530?
True
Is 339990 a multiple of 7?
True
Is 7190505 a multiple of 27?
True
Does 21 divide 2007327?
True
Is 46 a factor of 830923?
False
Does 2 divide 89957?
False
Is 13221072 a multiple of 24?
True
Is 8 a factor of 1172728?
True
Does 774 divide 8822826?
True
Is 1338 a factor of 16468995?
False
Does 13 divide 20889349?
True
Is 327698 a multiple of 7?
True
Is 23 a factor of 470703?
False
Is 3612 a multiple of 28?
True
Does 16 divide 132080?
True
Is 9 a factor of 429841?
False
Is 1095966 a multiple of 137?
False
Is 3250664 a multiple of 236?
True
Is 892762 a multiple of 338?
False
Is 571 a factor of 4734901?
False
Is 13727 a multiple of 44?
False
Is 8 a factor of 127686?
False
Is 221952 a multiple of 13?
False
Is 466 a factor of 7239853?
False
Does 157 divide 1808483?
True
Is 6 a factor of 241848?
True
Does 111 divide 6395820?
True
Does 96 divide 915936?
True
Is 24 a factor of 132493?
False
Is 269 a factor of 44175?
False
Is 160300 a multiple of 7?
True
Is 188 a factor of 2827144?
True
Is 279 a factor of 20693709?
True
Does 152 divide 34962?
False
Is 5 a factor of 21195?
True
Does 537 divide 230910?
True
Is 607325 a multiple of 17?
True
Is 3581 a multiple of 44?
False
Is 5350008 a multiple of 83?
False
Is 24 a factor of 38248?
False
Does 69 divide 1811?
False
Is 35 a factor of 47560?
False
Is 120152 a multiple of 154?
False
Does 20 divide 3983360?
True
Is 43 a factor of 78613?
False
Is 9 a factor of 1007217?
True
Does 75 divide 427575?
True
Is 70048 a multiple of 44?
True
Is 17 a factor of 143111?
False
Is 27 a factor of 28836?
True
Is 639468 a multiple of 36?
True
Is 769860 a multiple of 105?
True
Is 65 a factor of 441293?
False
Is 140717 a multiple of 25?
False
Does 50 divide 1105936?
False
Is 856 a factor of 1600213?
False
Is 267 a factor of 2912411?
False
Is 51 a factor of 422141?
False
Does 8 divide 848288?
True
Is 62496 a multiple of 12?
True
Does 484 divide 314851?
False
Is 45337 a multiple of 77?
False
Is 8854180 a multiple of 11?
False
Is 15 a factor of 5400?
True
Does 93 divide 5258592?
True
Does 20 divide 50945?
False
Is 32689 a multiple of 21?
False
Is 8 a factor of 224256?
True
Is 136575 a multiple of 45?
True
Is 8274070 a multiple of 34?
True
Is 1464894 a multiple of 6?
True
Is 3152512 a multiple of 44?
True
Is 48 a factor of 24240?
True
Is 570528 a multiple of 168?
True
Does 419 divide 1873324?
False
Is 16 a factor of 165280?
True
Is 4478779 a multiple of 181?
False
Is 13 a factor of 2367200?
False
Does 88 divide 104984?
True
Is 263 a factor of 14805322?
True
Is 1682361 a multiple of 1016?
False
Is 17 a factor of 336124?
True
Is 1657022 a multiple of 313?
True
Is 34 a factor of 17157?
False
Is 13 a factor of 54444?
True
Is 1703136 a multiple of 23?
False
Does 111 divide 405039?
True
Does 42 divide 1007244?
True
Is 388204 a multiple of 244?
True
Is 85 a factor of 10333989?
False
Is 79 a factor of 107501?
False
Is 162 a factor of 6545610?
True
Does 408 divide 180388?
False
Is 90880 a multiple of 71?
True
Is 2 a factor of 2105499?
False
Is 95 a factor of 3482637?
False
Does 17 divide 29372?
False
Does 54 divide 60342?
False
Does 238 divide 182244?
False
Is 11448599 a multiple of 17?
True
Is 6690735 a multiple of 9?
True
Is 2545848 a multiple of 342?
True
Is 3721923 a multiple of 110?
False
Is 26 a factor of 3974594?
True
Does 6 divide 593764?
False
Does 31 divide 92245?
False
Does 34 divide 904740?
True
Does 235 divide 624324?
False
Does 38 divide 329460?
True
Does 35 divide 10854?
False
Does 19 divide 6272641?
True
Is 24410540 a multiple of 140?
True
Does 52 divide 591188?
True
Does 12 divide 88163?
False
Is 559615 a multiple of 271?
True
Is 5892334 a multiple of 7?
True
Does 77 divide 2395624?
True
Does 621 divide 5093542?
False
Is 476440 a multiple of 10?
True
Does 55 divide 1532410?
True
Is 874707 a multiple of 384?
False
Is 3234270 a multiple of 30?
True
Is 989028 a multiple of 83?
True
Does 33 divide 1571790?
True
Does 32 divide 533121?
False
Is 20 a factor of 10595?
False
Is 40 a factor of 5092611?
False
Is 103422 a multiple of 49?
False
Does 473 divide 635819?
False
Does 51 divide 3675927?
True
Does 5 divide 1055290?
True
Does 31 divide 8463?
True
Is 16 a factor of 30864?
True
Is 576424 a multiple of 162?
False
Is 664655 a multiple of 56?
False
Does 253 divide 2818926?
True
Is 15 a factor of 665336?
False
Does 5 divide 47287?
False
Is 156 a factor of 582015?
False
Does 718 divide 437502?
False
Is 816747 a multiple of 10?
False
Is 445 a factor of 474996?
False
Does 52 divide 8840?
True
Is 417 a factor of 564814?
False
Is 613 a factor of 1345535?
True
Is 298460 a multiple of 33?
False
Does 87 divide 156688?
False
Is 26284943 a multiple of 16?
False
Is 29579 a multiple of 55?
False
Is 33 a factor of 602892?
False
Is 399 a factor of 56658?
True
Is 3360935 a multiple of 7?
False
Is 38 a factor of 17290?
True
Does 5 divide 814803?
False
Is 239660 a multiple of 92?
True
Does 42 divide 114567?
False
Is 32964004 a multiple of 626?
False
Does 3 divide 115292?
False
Does 288 divide 457003?
False
Does 79 divide 1143735?
False
Is 95 a factor of 4728744?
False
Is 2790942 a multiple of 49?
True
Is 174744 a multiple of 18?
True
Is 17 a factor of 285558?
False
Does 4 divide 1633?
False
Is 16 a factor of 313351?
False
Does 29 divide 27511?
False
Is 10 a factor of 3160351?
False
Is 32910 a multiple of 19?
False
Is 4 a factor of 791953?
False
Does 179 divide 2307124?
False
Does 40 divide 1485680?
True
Is 6563189 a multiple of 191?
False
Is 189 a factor of 158696?
False
Is 62 a factor of 583730?
True
Is 11 a factor of 289075?
False
Is 3 a factor of 933195?
True
Is 2 a factor of 16905?
False
Does 17 divide 1024621?
False
Is 10 a factor of 115773?
False
Is 288 a factor of 16128?
True
Is 10558099 a multiple of 1184?
False
Is 25 a factor of 201400?
True
Is 664827 a multiple of 85?
False
Does 15 divide 1021110?
True
Does 24 divide 5231208?
True
Does 15 divide 111765?
True
Does 217 divide 1278347?
True
Is 6333845 a multiple of 424?
False
Is 184605 a multiple